hundreds digit of 1104710?
7
What is the thousands digit of 118206?
8
What is the thousands digit of 10245993?
5
What is the tens digit of 603660?
6
What is the hundred thousands digit of 568859?
5
What is the thousands digit of 3302294?
2
What is the tens digit of 93971?
7
What is the hundreds digit of 668881?
8
What is the hundred thousands digit of 983960?
9
What is the millions digit of 4052836?
4
What is the hundred thousands digit of 5290636?
2
What is the ten thousands digit of 608578?
0
What is the hundred thousands digit of 1542490?
5
What is the ten thousands digit of 92482?
9
What is the thousands digit of 17129?
7
What is the ten thousands digit of 11241073?
4
What is the ten thousands digit of 27035?
2
What is the hundreds digit of 664830?
8
What is the hundreds digit of 2683635?
6
What is the thousands digit of 217349?
7
What is the ten thousands digit of 133104?
3
What is the hundreds digit of 297530?
5
What is the ten thousands digit of 33203?
3
What is the millions digit of 1218893?
1
What is the hundred thousands digit of 188585?
1
What is the ten thousands digit of 144622?
4
What is the hundreds digit of 1483204?
2
What is the millions digit of 2943749?
2
What is the hundreds digit of 6364967?
9
What is the ten thousands digit of 492974?
9
What is the tens digit of 222875?
7
What is the thousands digit of 586694?
6
What is the thousands digit of 51982?
1
What is the millions digit of 1491856?
1
What is the thousands digit of 9416?
9
What is the units digit of 5009317?
7
What is the hundreds digit of 1847854?
8
What is the tens digit of 446433?
3
What is the units digit of 241465?
5
What is the hundreds digit of 1144353?
3
What is the hundreds digit of 905872?
8
What is the hundreds digit of 798967?
9
What is the hundred thousands digit of 16472628?
4
What is the millions digit of 4714854?
4
What is the ten millions digit of 11537445?
1
What is the thousands digit of 3093772?
3
What is the hundreds digit of 6144570?
5
What is the millions digit of 1517891?
1
What is the ten thousands digit of 2301921?
0
What is the hundred thousands digit of 5577241?
5
What is the hundreds digit of 100796?
7
What is the tens digit of 751705?
0
What is the units digit of 909824?
4
What is the hundreds digit of 58879?
8
What is the tens digit of 106586?
8
What is the units digit of 2546630?
0
What is the ten thousands digit of 809624?
0
What is the millions digit of 2475791?
2
What is the hundreds digit of 1650445?
4
What is the hundred thousands digit of 1779985?
7
What is the units digit of 1642901?
1
What is the tens digit of 304127?
2
What is the hundred thousands digit of 838717?
8
What is the hundreds digit of 2116155?
1
What is the hundreds digit of 3197488?
4
What is the thousands digit of 16470095?
0
What is the millions digit of 3019984?
3
What is the thousands digit of 502824?
2
What is the hundred thousands digit of 295542?
2
What is the tens digit of 266631?
3
What is the hundreds digit of 669756?
7
What is the tens digit of 1793852?
5
What is the millions digit of 8883702?
8
What is the tens digit of 15931543?
4
What is the hundreds digit of 1100085?
0
What is the thousands digit of 460105?
0
What is the ten thousands digit of 2079227?
7
What is the ten millions digit of 11630812?
1
What is the thousands digit of 3599639?
9
What is the ten thousands digit of 18609880?
0
What is the ten millions digit of 12935608?
1
What is the ten thousands digit of 766110?
6
What is the tens digit of 98260?
6
What is the hundred thousands digit of 1256705?
2
What is the thousands digit of 1703575?
3
What is the ten thousands digit of 4260328?
6
What is the tens digit of 3379710?
1
What is the thousands digit of 431561?
1
What is the units digit of 104897?
7
What is the tens digit of 136350?
5
What is the hundred thousands digit of 143626?
1
What is the units digit of 308254?
4
What is the hundreds digit of 324506?
5
What is the thousands digit of 4518850?
8
What is the hundreds digit of 856208?
2
What is the tens digit of 317719?
1
What is the units digit of 2036302?
2
What is the millions digit of 2479840?
2
What is the hundreds digit of 696?
6
What is the millions digit of 2967707?
2
What is the thousands digit of 2035397?
5
What is the units digit of 582157?
7
What is the hundred thousands digit of 2337396?
3
What is the tens digit of 20592213?
1
What is the ten thousands digit of 307666?
0
What is the hundreds digit of 741998?
9
What is the ten thousands digit of 266571?
6
What is the ten thousands digit of 24276?
2
What is the thousands digit of 195385?
5
What is the units digit of 3875595?
5
What is the tens digit of 8649?
4
What is the tens digit of 8885752?
5
What is the tens digit of 194462?
6
What is the millions digit of 7019038?
7
What is the tens digit of 1799703?
0
What is the units digit of 215861?
1
What is the millions digit of 2910987?
2
What is the tens digit of 2295616?
1
What is the tens digit of 355811?
1
What is the hundreds digit of 51524?
5
What is the units digit of 380407?
7
What is the ten millions digit of 11306622?
1
What is the thousands digit of 1439397?
9
What is the ten thousands digit of 1709911?
0
What is the tens digit of 1418215?
1
What is the units digit of 112140?
0
What is the units digit of 1435807?
7
What is the ten millions digit of 18710454?
1
What is the units digit of 873672?
2
What is the units digit of 149304?
4
What is the ten thousands digit of 3455553?
5
What is the hundreds digit of 1943082?
0
What is the units digit of 15510648?
8
What is the ten thousands digit of 573523?
7
What is the hundreds digit of 8201919?
9
What is the hundreds digit of 643738?
7
What is the hundred thousands digit of 3451306?
4
What is the units digit of 154419?
9
What is the thousands digit of 1041234?
1
What is the ten thousands digit of 392058?
9
What is the tens digit of 7763597?
9
What is the units digit of 4897824?
4
What is the hundred thousands digit of 230621?
2
What is the millions digit of 1313179?
1
What is the hundreds digit of 1289833?
8
What is the ten thousands digit of 353586?
5
What is the tens digit of 51354?
5
What is the ten thousands digit of 2981869?
8
What is the tens digit of 48982?
8
What is the units digit of 3488316?
6
What is the ten thousands digit of 5610390?
1
What is the ten thousands digit of 8191486?
9
What is the millions digit of 19203766?
9
What is the hundreds digit of 8755779?
7
What is the tens digit of 419751?
5
What is the units digit of 50863?
3
What is the thousands digit of 2654652?
4
What is the ten thousands digit of 6279947?
7
What is the ten thousands digit of 3039020?
3
What is the millions digit of 6201466?
6
What is the thousands digit of 8700?
8
What is the thousands digit of 9268880?
8
What is the hundreds digit of 169710?
7
What is the hundreds digit of 7801?
8
What is the hundreds digit of 5559380?
3
What is the hundreds digit of 7138?
1
What is the hundred thousands digit of 185594?
1
What is the millions digit of 6769577?
6
What is the millions digit of 8039614?
8
What is the thousands digit of 189496?
9
What is the millions digit of 9850218?
9
What is the tens digit of 859354?
5
What is the tens digit of 128229?
2
What is the units digit of 23661327?
7
What is the hundred thousands digit of 139734?
1
What is the tens digit of 212881?
8
What is the millions digit of 19650570?
9
What is the ten thousands digit of 1111942?
1
What is the hundreds digit of 9509378?
3
What is the ten thousands digit of 480607?
8
What is the units digit of 266727?
7
What is the tens digit of 13136334?
3
What is the hundred thousands digit of 130656?
1
What is the thousands digit of 9928837?
8
What is the ten millions digit of 10274627?
1
What is the tens digit of 2209480?
8
What is the millions digit of 2949995?
2
What is the units digit of 686860?
0
What is the hundred thousands digit of 13145071?
1
What is the hundreds digit of 273651?
6
What is the hundred thousands digit of 191012?
1
What is the hundred thousands digit of 1376545?
3
What is the millions digit of 5284503?
5
What is the thousands digit of 4112936?
2
What is the tens digit of 252317?
1
What is the ten thousands digit of 28425?
2
What is the thousands digit of 3509685?
9
What is the thousands digit of 368795?
8